 - (13 + 6 + -10).
-8
Evaluate 1 - -6 - (-8 - -17).
-2
Calculate 8 - (-2 + 12 + -8).
6
Evaluate 3 + (8 + -1 - 4 - 1).
5
What is the value of 4 - (-2 + -2 - (-17 + 11))?
2
What is 8 + (-3 + -2 - -2 - -3)?
8
What is the value of -5 - (7 + -8 + (1 - 0))?
-5
-4 - (4 - (0 + 6))
-2
What is 2 + -3 + 3 + -2 - -3?
3
What is 9 - (1 + 0) - (294 + -291)?
5
What is -7 - (-4 - 10) - 9?
-2
What is the value of -3 + 7 - (3 + (1 - 3))?
3
What is the value of -1 - ((3 - 2) + -3)?
1
What is 4 + 4 + -10 - -5?
3
What is the value of 4 - 5 - (-4 + 6 + -3)?
0
Evaluate -4 + (2 - (-2 + -3)).
3
What is the value of -10 + (8 - 3) - -5?
0
What is -21 + (25 - 8) - (-2 - -3)?
-5
What is -1 + 5 + -3 - -1?
2
-4 - (1 + -6) - (0 + -3)
4
Calculate 7 - 14 - -7 - -3.
3
-3 + 4 - (-1 - -1)
1
What is -1 + (-5 - (-2 + 2 + -10))?
4
Evaluate 16 - (0 + 4) - 10.
2
4 - (-1 - -1) - 0
4
Evaluate 3 + 0 + -4 + 2.
1
What is -2 - (2 - 5) - (3 + 4)?
-6
What is the value of (-2 - -1) + -6 + -3 + 6?
-4
What is 0 + 0 - ((4 - 4) + 3)?
-3
What is 7 + (-26 - -5) - -2 - -7?
-5
Calculate 1 - (1 - -8 - (13 - 10)).
-5
Calculate (-15 - (-11 - -2)) + 12.
6
What is -14 + 14 + -4 + (1 - 0)?
-3
What is the value of -14 - (-12 + -11 - -12)?
-3
What is the value of 7 + 0 + (5 - 7) + -3?
2
What is the value of -3 - ((2 - (1 + -2)) + -9)?
3
3 + -23 + -13 + 25
-8
Evaluate -1 + (-8 - (-10 - -5)).
-4
What is the value of 9 + 0 + 7 + 4 + -12?
8
Evaluate 6 - (1 + 3 - 5) - 9.
-2
What is the value of -3 + (3 - (-2 - -4)) - -1?
-1
Evaluate -10 + (5 + -2 - -2).
-5
Calculate -4 + -3 + 4 + 0.
-3
What is 7 - (10 - (-4 - (-3 + 1)))?
-5
(0 + 2 - -2) + -3 - 1
0
What is (-1 - ((1 - 4) + 4)) + 6?
4
What is the value of 2 - 0 - (5 + -13 + 14)?
-4
What is the value of 3 - (-3 + 2 - (0 + 0))?
4
What is (-1 - -6 - 9) + -6?
-10
Calculate (28 - 23) + (5 - (4 - 2)).
8
Calculate 0 - ((-3 - 4) + 6).
1
What is 0 + -1 + (3 - -1 - 9)?
-6
Calculate 3 + 1 - (6 - -1).
-3
What is -8 + (-6 + 4 - -6)?
-4
What is the value of -20 - -18 - (6 + -1)?
-7
Evaluate 14 + -11 - (12 + -4).
-5
4 - (-5 + 3 - -6)
0
What is the value of 6 + 10 + -16 - -7?
7
What is the value of 6 - (4 + (2 - 4))?
4
What is the value of -1 + 2 + -18 + (-11 - -23)?
-5
-3 + (-3 - (2 - (13 - 4)))
1
Evaluate -4 - (0 - -1) - -6.
1
Evaluate -1 + (4 - 6 - 3) - -2.
-4
What is -3 + (-3 + -3 - -7)?
-2
What is the value of -41 + 39 - (1 - -5)?
-8
What is the value of 0 + -2 + 4 + -35 + 26?
-7
Calculate (2 - 0) + 2 + (1 - 9).
-4
Calculate -1 - 0 - (-2 - -4).
-3
What is the value of -3 + (-1 - 0) - (26 + -23)?
-7
Calculate (-4 - (-7 + 9 - 6)) + -4.
-4
Evaluate (-5 - (-8 - -6)) + 6.
3
(-40 - -38) + 1 + -1 + 0
-2
Evaluate 3 - (3 - -9) - (1 - 4).
-6
-29 + 25 + -13 + 12
-5
Evaluate -10 + (3 - (-3 + 3 + 0)).
-7
Evaluate -6 + (7 - 4) - -6.
3
Evaluate 7 - 13 - 0 - -4.
-2
0 + -5 + (-6 - -6)
-5
Evaluate (-2 + 1 - -4) + 0.
3
What is -13 - ((-11 - -13) + -7)?
-8
-10 + (8 - 5) - 0 - -5
-2
What is the value of -2 - (8 - (1 + -8 + 9))?
-8
What is -5 - -2 - 0 - -1 - -7?
5
What is 4 - (4 + (3 - 7) - -4)?
0
Calculate 4 - (-2 + -4 + 8).
2
What is the value of 0 + (-3 - 12) + 14?
-1
1 + -2 + (4 - 2)
1
Evaluate -88 + 79 - (0 + -13).
4
What is the value of 10 - (-6 - (-3 + -7))?
6
What is (5 - 3) + (3 - 5)?
0
Calculate -6 + 6 + 7 - (-1 + 2).
6
What is the value of -4 - ((4 - -2 - 0) + -4)?
-6
Calculate (118 - 111) + -2 + 0 + 0.
5
What is the value of -2 + -2 - (5 + -7) - -1?
-1
(-17 - -28) + (-2 - -4 - 4)
9
What is the value of -175 + 178 + (-8 - 0)?
-5
What is -60 + 58 + 6 + (1 - 0)?
5
What is the value of (-109 - -110) + (1 - 4)?
-2
1 + -3 + 5 - -1 - -1
5
(5 - -1 - (-29 - -31)) + -1
3
-1 - (3 - 5 - -6)
-5
Evaluate -5 + (0 - -8 - 1).
2
What is the value of 6 - (-4 - (-21 - -5)) - 1?
-7
Calculate -7 + -9 + 6 + 4.
-6
What is -11 - 0 - (-120 - -116)?
-7
What is -1 + -9 + -11 + 16?
-5
Calculate -3 - ((-7 - -1) + 9).
-6
What is -10 + (22 + -2 - 11)?
-1
What is the value of 1 + -7 + -1 + 3?
-4
What is -10 - ((2 - (13 + -2)) + 5)?
-6
Evaluate -11 - -5 - -4 - -3.
1
Evaluate -4 + (7 - -2) + -4 + -3.
-2
Calculate (0 - (-2 - (-6 + -3))) + 4.
-3
What is the value of 1 + (3 - 4) + 4?
4
Calculate (4 - (4 + 0)) + (-6 - -3).
-3
Evaluate -1 + 3 - (3 + (6 - 2)).
-5
Evaluate 35 - 34 - (-1 - 2).
4
What is -9 + 14 + -11 - -14?
8
Calculate -1 + 7 + 22 + (-24 - 11).
-7
(0 - (-1 + -3)) + 1 + 0
5
-11 + -9 + 34 - (6 + 0)
8
Evaluate 2 - ((0 - (0 - -2)) + 2).
2
-1 - -5 - (-1 + -1 + 2)
4
What is the value of 3 - 3 - (-5 - -1 - -9)?
-5
What is -12 + (-11 - -21 - 8)?
-10
2 - (9 - (1 + 4 + -1))
-3
3 + (6 - 17) + 7
-1
Evaluate -15 - -9 - (0 + -2).
-4
What is 5 + -3 + (-2 - (-5 - -2))?
3
(-2 - -4) + 2 + -1
3
Calculate (-1 - 1) + -35 + 38.
1
Evaluate 3 - 0 - 1 - 7.
-5
Calculate (0 - (-3 - -7)) + 1 - 0.
-3
What is (26 - 27) + (-1 - 4) + 0?
-6
1 + (1 - -3) + 1
6
-2 + 1 - (15 - 9)
-7
What is the value of -7 - -4 - 3 - -4?
-2
What is the value of (7 - 3 - 10) + 6?
0
Evaluate (0 - -3) + 1 + -9.
-5
-1 + (-1 - -1) + 3
2
What is 2 + -1 + (-1 - -4)?
4
Evaluate -7 + -1 + (-44 - -50).
-2
What is the value of 16 + -4 + (-22 - -17)?
7
Evaluate -6 + (-2 - -9) + (1 - 1).
1
What is (0 - 0) + (7 - (10 - 1))?
-2
What is the value of -1 + -1 + (5 - (7 - 4))?
0
-2 + 0 + 3 + 0 - 5
-4
What is 18 - 12 - ((-1 - -11) + 2)?
-6
Evaluate -44 + 46 + (0 - 4) + -4.
-6
Calculate -2 - (-2 - 2 - 1 - -1).
2
5 - (-2 + 8) - -5
4
(-128 - -127) + 0 + 10
9
What is 2 + (-8 - -1) + (15 - 15)?
-5
Evaluate 10 - (-1 + 9 - 3).
5
Evaluate -1 + (-8 - (2 - (8 - 1))).
-4
Calculate -1 + 4 + (-15 - -13).
1
What is the value of -4 - (3 + 0 + -10)?
3
What is (1 - -1) + 12 + -15 - 2?
-3
(3 + 5 - 13) + 3
-2
Calculate 93 + -79 + 1 + -5.
10
Evaluate 11 + (-12 - 16 - -11).
-6
Evaluate -8 - ((9 - 7) + (-1 - 4)).
-5
What is 10 + (14 - 16 - 3)?
5
Calculate -7 + 4 + 4 + (2 - 0).
3
10 - (4 + -4 - (-4 - -3))
9
-7 - (-14 - (-1 + -6) - -3)
-3
What is 5 - 3 - (-5 - -4)?
3
What is 0 - (-4 - -7 - 3)?
0
Evaluate -1 + -1 - (-1 - -1).
-2
Evaluate 5 - (0 + 2 + (3 - 0)).
0
What is 1 + 5 + (-4 - 4)?
-2
Calculate -6 + 7 + 2 - (-1 - -2).
2
Evaluate (-1 - 12 - 0) + (-91 - -97).
-7
What is the value of 6 + -4 + -3 + 5?
4
Evaluate (-1 - -1 - (-1 - -6)) + 9.
4
What is 1 + 0 + -1 + 4?
4
What is the value of 4 + -14 + (19 - 11)?
-2
What is the value of 2 + 1 + -8 - (8 - 13)?
0
Calculate 1 + (-3 - (2 + -8 + -4)).
8
Evaluate (9 - 2 - 6) + 0.
1
Evaluate 4 + (4 + -2 - 3).
3
What is (5 - 9) + 4 - 6?
-6
What is the value of 1 + (-11 - 4 - -8)?
-6
Calculate 5 + (4 - 4) + 9 + -5.
9
(0 - 7) + (46 - 37) + -7
-5
-17 + 14 + (0 - -1)
-2
What is 1 + -2 - -1 - (-3 - -2)?
1
1 - 0 - (-3 + 4 - -2)
-2
What is the value of -2 - 9 - (7 - (-9 - -22))?
-5
What is the value of -8 + 8 + 1 - 6?
-5
Evaluate 7 + (-3 - (-1 - -1)).
4
What is (-2 - -4 - 4) + 4 + -4?
-2
What is the value of (-5 - (-5 + 1 - 4)) + -1?
2
Calculate 2 - (-11 - -23 - 3).
-7
-4 - (10 + -5 + -10 + 1)
0
-2 - (3 - (6 + -4 + 1))
-2
-3 - -17 - (-7 + 10 + 5)
6
What is 6 - (-5 + 2 + 4 + -5)?
10
Calculate 4 + -7 + 7 - -1.
5
7 - (4 - (-1 - -2)) - 3
1
-4 - (5 + -5 + -5)
1
Calculate -13 - -20 - (12 - -2).
-7
Calculate 1 - 1 - (-3 + (-3 - -3)).
3
Evaluate -2 + 6 + 1 + (-3 - 2).
0
What is 1 + 3 + (21 - 29)?
-4
What is the value of -2 + 6 + -4 - (2 + -7)?
5
Calculate -42 + 41 + (1 - 2).
-2
Evaluate 1 + 0 + -1 + (19 - 16).
3
What is the value of 8 + (11 - 10) - -2?
11
What is -9 - -18 - (10 - 2)?
1
What is (-6 + 6 - 4) + 10 - 4?
2
What is the value of (4 - 5) + (-4 - (-4 - -4))?
-5
Evaluate 0 - 0 - (2 + -8 + 7).
-1
What is the value of -4 + 4 - -6 - (7 - -1)?
-2
Evaluate (-11 - -8) + -1 + -1 + 0.
-5
What is the value of (-17 - -16) + (3 - (1 - 1))?
2
Calculate -5 - (-7 + 2 + 5) - -1.
-4
Calculate 0 - 1 - (13 - 9).
-5
What is the value of 0 + 0 - (-10 + 4 + 7)?
-1
Evaluate 6 - (3 - (14 + -12)).
5
What is 11 + -9 - (2 + 1)?
-1
Calculate -6 - (-10 + (16 - 12)).
0
Evaluate 6 - (-7 + 3 + -2 + 1).
11
What is the value of 1 + 2 + (-2 - 3) + -1?
-3
Evaluate (-1 - 1) + 0 + -6 + 6.
-2
Calculate (-1 - (0 + 4)) + 4.
-1
What is the value of -3 - ((5 + 2 - 3) + -9)?
2
Calculate (-2 + -1 - (-1 - 4)) + -4.
-2
-2 + 1 + -3 + 1 - 2
-5
Calculate 2 + -3 + (1 - 2 - 2).
-4
What is the value of (1 - -4) + (-8 - -6) - 3?
0
Evaluate -1 + 8 - (-3 + -22 + 37).
-5
12 - ((6 - 8) + 10)
4
5 + (-1 - -3 - 5 - -3)
5
Calculate -